be f(2). What is b(s)?
2
Let v(m) be the first derivative of -2*m**3/3 + m**2 - 4*m - 2. Let l(z) be the first derivative of v(z). What is l(2)?
-6
Let y(x) = x. Let q(g) = -1. Let z(f) = 5*q(f) - y(f). Let i = -7 - -12. Suppose -5*w + 3*h - 19 = 0, 0 = -i*w - 3*h - 0*h - 31. Give z(w).
0
Let l(b) = b**2 - 5*b + 4. Let s be (1 - -3)/((-1)/(-9)). Suppose f = -3*f + 4*n + s, -f = -2*n - 14. What is l(f)?
0
Let z(t) be the first derivative of -7/2*t**2 - 1/3*t**3 - 5*t - 3. Determine z(-4).
7
Let i(l) be the third derivative of l**5/120 + l**4/8 - l**3 - 5*l**2. Let p(v) be the first derivative of i(v). Give p(-5).
-2
Let a(c) = 5*c**3 - 1. Let w(b) = b**2 - 3*b + 1. Suppose 25 = u - 5*n, -2*u = -u - 2*n - 31. Let h be (-2)/(-8) + u/20. Let g be w(h). Give a(g).
-6
Let w = 9 + -3. Let j(p) = -p + 2. What is j(w)?
-4
Let m(b) = -b + 6*b - 2*b - 2*b. Give m(-2).
-2
Let h = 11 + -18. Let n(c) = -c**2 - 7*c - 8. Give n(h).
-8
Let y(f) = 5*f - 3. Let z(s) = -s**2 - 7*s + 8. Let r be z(-8). Suppose r = -c - 0*c + 4. Suppose -k = -c*k + 6. What is y(k)?
7
Let q(t) = -7*t - 8. Let p(v) = -15*v - 17. Let i(o) = -6*p(o) + 13*q(o). Calculate i(4).
-6
Let x(z) = -z**2 + 10*z - 10. Let p be x(9). Let q(v) = v**3 - v - 1. Let b(d) = -3*d**3 + 6*d**2 + 7*d + 3. Let t(f) = p*b(f) - 4*q(f). Calculate t(-6).
19
Let p(u) = -4*u - 6. Let d = 0 + -4. Let z be d/6*(1 + 2). Let v = z - 2. Determine p(v).
10
Let b(x) = -3*x - 16. Let m(f) = -f - 5. Let u(r) = 2*b(r) - 7*m(r). Suppose -j + 21 = -3*z, 0 = j - 4*z + 5*z - 1. Determine u(j).
9
Let l(f) = -f - 1. Let b(a) = 8*a**2 - 6*a - 7. Let o(q) = -b(q) + 6*l(q). Suppose 10*y = 5*y + 15. Suppose y*r = -3*w - 6, 3*r - 3*w - 10 = 2*r. Give o(r).
-7
Let p = 5 + -1. Suppose 9 = -3*a, -p*m + 22 = -8*m - 2*a. Let f(y) = y**3 + 5*y**2 + 4*y + 6. What is f(m)?
6
Let v(g) be the third derivative of g**6/60 - g**5/60 + g**4/24 - 21*g**2. Give v(1).
2
Let i(g) be the third derivative of g**6/120 + g**5/12 + g**4/24 + g**3/6 + g**2. Suppose -13 = 3*v + 40*k - 39*k, 4*k = -3*v - 7. Give i(v).
-4
Let m(r) = -9*r + 4. Let v be (-30)/(-8) + (-42)/56. Calculate m(v).
-23
Let b be 2 - 1 - 2/(-2). Let a(o) = o**2 - 1. Let r be a(1). Let v(f) = -3 + r*f - 3*f + 4*f. Calculate v(b).
-1
Let f = 70 - 71. Let a(d) = -15*d**3 + d**2 + d. Determine a(f).
15
Let b(q) = q**3 + 6*q**2 + 4*q - 1. Let p = 3 + 17. Suppose -5*o - p = -o. Give b(o).
4
Let r(z) be the third derivative of z**6/120 - z**5/60 - z**4/12 - z**3/6 - 3*z**2. Determine r(2).
-1
Suppose 2*p + l = 2*l - 3, 0 = l - 3. Suppose 0*v - 4*v - 2*d + 32 = p, 2 = -3*v + 5*d. Let s(n) = -n**2 + 4*n + 7. Calculate s(v).
-5
Let i(a) = a**2 + 5*a - 6. Suppose -6*f + f = -10. Let t be 0/f + 4 + -10. Give i(t).
0
Let a(b) = 10*b**2 + b. Suppose -q = -5*q - 4. Determine a(q).
9
Let q(r) = r + 1. Let b(j) = -j + 1. Let n(y) = -b(y) + 3*q(y). Let t be (2*3/(-3))/1. Give n(t).
-6
Let a(d) = d**2 + 12*d + 13. Suppose -9*r - 2*r = 110. Calculate a(r).
-7
Let r be 4/18 + 32/18. Suppose -r*c + 0*c = 2. Let u(w) = 5*w**2 - w. What is u(c)?
6
Let a(n) be the first derivative of -n**5/60 - 5*n**4/24 - n**3/2 - 11*n**2/2 + 8. Let r(s) be the second derivative of a(s). What is r(-6)?
-9
Suppose -3*o - 2*d + 12 + 14 = 0, -d - 20 = -4*o. Let u(h) be the second derivative of h**2/2 - h. Let i(c) = -c + 1. Let v(y) = -i(y) - 2*u(y). Give v(o).
3
Let u = 2 + -2. Let i(z) = -z. Let g(c) be the second derivative of 2*c**3/3 - 3*c. Let y(s) = -2*g(s) - 7*i(s). What is y(u)?
0
Let k = -8 + 0. Let v = k - -11. Let h(b) = 2*b**v + 5*b + 2 + 5*b**2 + 3 - 3*b**3. What is h(6)?
-1
Suppose 0*c - 4*c + a = -16, 3*a + 13 = 5*c. Let g(y) = -y**2 + 4*y + 2. What is g(c)?
-3
Let m(u) = -u**2 - 5*u + 4. Let f = -70 - -63. Calculate m(f).
-10
Let q(j) = -j**3 - 4*j**2 - 3. Let l(x) = -7 + 3 - 4 - x. Let v be l(-7). Let s be 2*(-2 - v - 1). What is q(s)?
-3
Let b(c) be the third derivative of c**7/5040 + c**6/360 + c**5/20 - c**2. Let d(k) be the third derivative of b(k). Determine d(2).
4
Let y(g) = g - 3. Let k(h) = h**3 + 13*h**2 + 13*h + 9. Let l be k(-12). Let w be ((-3)/(-3))/(l/(-15)). Calculate y(w).
2
Let s(w) = -5*w**2 + 12*w - 20. Let u(b) = 2*b**2 - 4*b + 7. Let v(p) = 3*s(p) + 8*u(p). Suppose -39 - 13 = 13*j. Determine v(j).
-4
Let d be (18/4)/((-6)/8). Let l(h) = 3*h + 4. What is l(d)?
-14
Let d(g) = g**2 + 4*g - 4. Let u(w) = -2*w**2 + 14*w - 5. Let z be u(7). What is d(z)?
1
Let x(l) = -5*l**3 - l**2 - l - 5. Let a(z) = 4*z**3 + z**2 + z + 4. Let b be -5 - -3 - (-1 + -4). Let n(g) = b*x(g) + 4*a(g). What is n(-2)?
-5
Let f be (-208)/(-36) - 2/(-9). Let h(c) = 5*c + 10. Let v(w) = 2*w + 5. Let m(r) = -4*h(r) + 9*v(r). Calculate m(f).
-7
Let r(t) = -t**2 - 21*t - 14. Let q be r(-20). Let i(u) = -u**2 + 9*u - 6. What is i(q)?
12
Let w(a) be the first derivative of 1/6*a**3 + 2 - a**2 + 0*a - 1/24*a**4. Let l(d) be the second derivative of w(d). Calculate l(-3).
4
Suppose -2 = -7*a + 12. Let x(z) be the third derivative of -z**4/8 + z**3/6 + z**2. Give x(a).
-5
Let j be -3 - (5/5 + -4). Let p(t) be the second derivative of t**5/20 - t**4/12 - t**3/6 - 11*t**2/2 + t. Give p(j).
-11
Suppose 6*b - 140 = b. Suppose -4*d - 5*r - b = 0, 0*d - r = -2*d. Let u(v) = -v**3 - 3*v**2 - 2*v - 1. Determine u(d).
-1
Let x(q) = -2*q + 1. Suppose 0 = 5*g - 5*v - 15, 4*g - 5*g - 17 = 3*v. Calculate x(g).
5
Suppose 3*q - 16 = -7. Let c(k) be the second derivative of -3/2*k**2 + k**q - 3*k + 0. Determine c(2).
9
Let c(w) = 2*w**2 + 4*w + 5. Let a(s) = s**2 + 1. Suppose x + 8 = 4*b, -2*x + 4*b - 4 = -0. Let j(o) = x*a(o) - c(o). What is j(3)?
5
Let z(o) = -7*o**2 + 2 + 0*o + 9*o**2 - 3*o. Suppose 3*u + 10 = i, 3*u = 4*i - u - 40. Let f be (-8)/i*5/(-2). Calculate z(f).
4
Suppose -12*f + 9*f - 18 = 0. Let x(a) = -a**3 - 6*a**2 + 0*a - 1 + 4 - 2 + 2*a. Determine x(f).
-11
Let z(b) be the second derivative of -b**6/120 + b**5/60 - b**4/24 - b**3/3 + b**2/2 - b. Let k(c) be the first derivative of z(c). Give k(2).
-8
Let a(f) = -f**3 + 2*f**2 - 3*f + 3. Let z(m) = -m**2 + 6*m - 3. Let o be z(5). What is a(o)?
-3
Let g(r) be the third derivative of -r**4/12 + r**2. Calculate g(4).
-8
Let n = 4 - 6. Let b be (-1)/n + 2/4. Let y(i) = 0 - b + 0*i**2 + 3*i - 2*i**2. Calculate y(2).
-3
Let o(h) be the third derivative of -h**6/60 + h**5/15 - h**4/8 + h**3/3 + 75*h**2. Calculate o(2).
-4
Let c(n) be the first derivative of -n**4/4 - 5*n**3/3 - n**2 - 6*n - 9. Calculate c(-5).
4
Suppose 25*v = 10*v + 45. Let r(u) be the third derivative of -u**6/360 + u**5/20 - u**4/6 + u**3/6 + u**2. Let c(s) be the first derivative of r(s). Give c(v).
5
Let d(y) = -2*y**3 + 2*y. Suppose 4*g - 3 = 17. Suppose g*j - 15 = 2*x + 3*x, -4*j - 3 = -x. Give d(j).
12
Suppose 15 + 0 = 5*x. Let q(b) = -1. Let c(p) = p - 1. Let d(k) = -c(k) - 3*q(k). Calculate d(x).
1
Let g(j) = j**2 - 2*j. Suppose -21 = -3*d - 3*z, -6*d + 2*d + 13 = z. Calculate g(d).
0
Let m(w) = -w + 2. Let v = -2 - 1. Determine m(v).
5
Let a(l) be the third derivative of -1/120*l**6 + 7/24*l**4 - 3*l**2 + 0 + 0*l + 0*l**3 + 1/12*l**5. Calculate a(6).
6
Let t(k) be the third derivative of -k**6/60 - k**4/12 + k**3/3 - 17*k**2. Calculate t(2).
-18
Let k(c) be the second derivative of c**3/3 - 3*c**2/2 + 2*c. Let y be k(3). Let l(f) = f**2 + 6 - 2*f + 0*f**2 - 4. What is l(y)?
5
Suppose -25*v - 40 = -17*v. Let w(c) = 2 - c**2 - 6*c + 4*c - 4*c. Give w(v).
7
Let j(c) = -3*c**3 - 5*c + 3. Let m(p) = -4*p**3 + p**2 - 5*p + 3. Let t(f) = -5*j(f) + 4*m(f). What is t(5)?
-3
Let o be (-6)/3 - (-2)/2. Let v be (3 + -3)*o/(-2). Let l(d) = v*d**2 - 2 + d + 3*d + d**2 - 3*d. What is l(-3)?
4
Let m(v) be the first derivative of v**2 + 5*v + 17. Calculate m(-6).
-7
Suppose -n - 3*n = 20. Let c(q) be the third derivative of q**6/120 + q**5/12 + q**4/8 + q**3/3 - 26*q**2. What is c(n)?
-13
Let k(o) = 5*o. Let b be k(4). Suppose 8*r = 3*r + b. Let z be (-1 + r)*(1 - 2). Let c(j) = j**3 + 5*j**2 + 4*j + 1. Determine c(z).
7
Let t(q) = -8 - 6*q + 0*q + 3*q + 2*q. Determine t(-6).
-2
Let t(j) = -j**2 - 6*j + 3. Let v be t(-5). Suppose -2*o = -r - 4*o + v, o + 3 = -4*r. Let d(n) = -n**3 - n**2 + 2*n. Calculate d(r).
0
Let b(h) be the first derivative of h**4/4 + h**3/3 - h**2/2 - 5*h - 2. Let d(x) = 10*x - 2. Let y be d(2). 